t derivative of k(o). Is p(-13) a prime number?
False
Let g(p) = -142*p - 349. Is g(-49) a composite number?
True
Let s = 744102 - 420517. Is s prime?
False
Suppose 4*r = 7 + 5. Suppose -2*a = -5*y - 6*a + 1188, -r*y + 706 = -a. Suppose -4*f - 4*c + y = 0, 5*f + c - 2*c - 289 = 0. Is f composite?
True
Is 8/32 - ((-5367652)/(-16))/(-19) a composite number?
False
Suppose -i + 33*t + 953169 = 29*t, -3*t + 3812581 = 4*i. Is i composite?
False
Let n = 348 - 46. Let b = n - 542. Let y = b + 611. Is y a composite number?
True
Let u = -7 - -8. Suppose 4*f - 7 = u. Is (1*f)/(4/3970) a prime number?
False
Suppose 0 = -5*m - 5*k + 2581435, 5*m - 516251 = 4*m + 5*k. Is m prime?
False
Suppose -3*o - 689 - 2235 = -g, 5*o + 14610 = 5*g. Suppose g = 5*a - 3*k, -2*a = 2*k - 539 - 623. Is a a composite number?
True
Let n(u) = -963*u**2 - 3*u - 37. Let r be n(-5). Let h = -12548 - r. Is h a composite number?
False
Let w(s) = 139*s**3 - 2*s**2 + 8*s - 3. Let y be w(3). Suppose -951 = -m + 2*i, -4*m - i + y = -21. Let x = -394 + m. Is x prime?
False
Let o be ((6 + -2)*3)/2. Let y(b) = 16*b + 13. Let s be y(o). Let j = s - 40. Is j composite?
True
Suppose b - i = -4*b + 16, -5*b + 10 = 5*i. Suppose b*v - 513788 = -41*v. Is v prime?
True
Suppose -5*r - 220324 = -b, 3*r = -5*b + 8*r + 1101520. Suppose 33*p - b = 37728. Is p a prime number?
False
Let j(u) be the first derivative of -8/3*u**3 - 4 + 1/4*u**4 + 7*u + 1/2*u**2. Is j(9) composite?
False
Let x(u) be the second derivative of 117*u**5/20 + u**4/6 - u**3/3 + u**2/2 - 35*u. Let m = 15 - 14. Is x(m) a prime number?
False
Suppose 5*s - 5*h = 9*s - 140555, -2*s - 4*h = -70282. Is s a composite number?
True
Let h = 1192 - -10431. Suppose -3*w + 11655 = 5*s - 4*s, -5*w - h = -s. Is s a prime number?
False
Let x(q) = -5 + 28*q**2 - 11*q + 37*q**2 + 29*q**2. Suppose -3*h + 18 + 19 = -7*y, -32 = 5*y - 4*h. Is x(y) a composite number?
False
Let h(d) = d**2 + 10*d + 15. Suppose 13*l = 8*l - 15. Let o be h(l). Is (o + (-21)/(-6))*932/(-10) a prime number?
True
Suppose -4*d - 33 = -2*d - 3*n, 0 = -3*d + 2*n - 47. Let u(m) = -m**3 - 16*m**2 - 17*m - 36. Let v be u(d). Is 3 - (v/(-2) - (3265 + 0)) composite?
True
Suppose -58 = -7*s - 2. Suppose 0 = -3*o - s*o - 11. Let i = 588 + o. Is i composite?
False
Let k = 50 + 22. Let q = 160 - k. Suppose l = u - q, 4*u - 346 = -5*l + 3*l. Is u composite?
True
Let k(v) = 7*v**2 + 3*v + 1. Let x be k(-1). Let z(u) = -17*u - 23. Let r be z(x). Is 55878/26 - (r/(-26) - 4) a prime number?
False
Let g be (234/(-27))/(2/(12/(-2))). Suppose -23535 = -g*j + 146947. Is j a prime number?
False
Suppose -238 = -21*q + 7*q. Let y(x) = -4*x + x**2 - 39 + x + 18. Is y(q) composite?
True
Let m = -652 + 1982. Suppose 0 = 3*i + 2653 + 110. Let w = i + m. Is w composite?
False
Suppose 5*p + 179944 = 4*b - 102176, -3*b = 2*p - 211613. Is b a prime number?
False
Let t = -37092 + 181343. Is t a composite number?
True
Let q be 5/((-15)/(-18))*(-8)/6. Let k(c) = -c**3 - 8*c**2 + c + 17. Let a be k(q). Is a/(-6) - (-5535)/6 prime?
False
Suppose -21*m + 2034503 = 1045357 - 6356381. Is m composite?
False
Suppose -l = -20*a + 23*a - 239962, 5*a + 1199910 = 5*l. Is l prime?
True
Suppose 0 = 3*v + 301 + 737. Let n = v - -480. Is n composite?
True
Suppose -5*u - 125 = z, 3*u + 45 = 2*z - 17. Let t(d) = -d**3 - 17*d**2 + 4*d + 53. Is t(u) a prime number?
True
Suppose 3 = -2*n - 5. Let v(a) = -1267*a - 2. Let j be v(n). Suppose -4*r + j = 1782. Is r prime?
True
Let c be 68/170 + (-128938)/(-5). Suppose 6*y - c - 26274 = 0. Is y prime?
True
Let t be 3*1 - 1/((-9)/(-9)). Let m be (-610317)/119 - 2/7. Is t/(-16) + m/(-8) a composite number?
False
Let o be (-40)/(-16) - (-3)/6. Let y(u) = u**2 + 4*u + 12. Let n(w) = w**2 + 4*w + 11. Let d(i) = o*n(i) - 2*y(i). Is d(12) a composite number?
True
Is (0 - 12/(-9)) + (-151342597)/(-393) a composite number?
True
Let m(u) be the second derivative of 13/6*u**3 + 1/6*u**4 + 0 + 2*u + 5/2*u**2. Is m(12) prime?
True
Is (-23)/(161/149002)*-3*1/6 prime?
False
Suppose 24*i - 2562305 = 3440791. Is i composite?
True
Suppose 4*x + 16 = 0, -3*x + 4*x + 4 = 2*a. Suppose a = y + 1 + 5. Let i(l) = -84*l + 37. Is i(y) prime?
True
Suppose 3*q - 4*j + 25 = 61, 4*j = -q + 12. Let d be 351/q*(-40)/(-15). Let z = 131 - d. Is z a composite number?
False
Let v be 0 + (5 - 3) + (-2 - -4). Suppose 3*n = v*j + 1769, 0*j + 2*j - 2905 = -5*n. Is n a composite number?
True
Suppose 0 = -2*k + r + 8, 2*k - 2*r = r + 12. Let j be 26/k + 8/24. Is 18510/16 + j/72 composite?
True
Suppose -11141 = -2*h + 44781. Let o = h - 15230. Is o composite?
True
Let l(y) = -58*y**3 + 201 + 3*y + 57*y**3 - 2*y. Is l(0) a prime number?
False
Let m = -47 + 88. Let k = -45 + m. Is (18326/28 - 6/k) + -1 composite?
True
Let r be (567/(-18))/9*(-6)/7. Suppose 2*h + r*h + s = 18532, -3*h + 11133 = -4*s. Is h composite?
True
Suppose -15*b + 38 = -22. Suppose 0 = 5*y + q - 4*q - 8545, b*q = -3*y + 5127. Is y composite?
False
Is (-15)/(315/14) + (-4094891)/(-3) a composite number?
False
Suppose -4*t = 5*z - 37507, -20*t + 16*t - 4*z + 37512 = 0. Is t prime?
False
Let l(g) = -32*g**3 + 4*g**2 - 9*g - 14. Suppose 44 = -5*k + d, 3*d = k + 2*d + 8. Is l(k) composite?
False
Let p = 4883 + -509. Let w = p + -863. Is w a prime number?
True
Let s(l) = -l**3 + 5*l**2 + 2*l - 3. Let h(w) = w**2 + 6*w + 5. Let v be h(-7). Let c = v + -7. Is s(c) composite?
False
Suppose 7 = 12*a - 53. Suppose -5*o + a*y = -75675, 2*o + 4*y - 13758 - 16488 = 0. Is o a composite number?
False
Suppose 8*g + 14 = 9*g. Suppose -100 = -g*w + 9994. Suppose b - 1522 - w = 0. Is b a prime number?
True
Let q = 32 - 32. Suppose o - 6*o + 25 = q. Suppose -1184 = -2*l - u - 373, -o*u - 1643 = -4*l. Is l a prime number?
False
Let x(v) = 37*v**3 + v**2 + 5*v - 6. Let c be x(1). Let b = -377 - -203. Let r = c - b. Is r a composite number?
False
Suppose -10113843 = -418*z + 325*z. Is z composite?
False
Let n = 40 + -39. Is 2 + 1 + (-2910)/((-3)/n) prime?
False
Suppose -185*g = -182*g - 3954. Is g composite?
True
Let o(p) be the third derivative of 307*p**6/360 + p**5/120 - p**4/24 - 17*p**3/6 + 14*p**2. Let y(m) be the first derivative of o(m). Is y(1) a prime number?
True
Let a(k) = -471*k + 6*k**2 + 2*k**2 - 12 + k**3 + 476*k. Let z be a(-7). Suppose 0 = 5*u - z*u - 12, 5*u - 1259 = -3*f. Is f prime?
False
Suppose -4*j + 7*j - 33 = 0. Let o(c) = -c**3 + 7*c**2 + j - 16*c - 5*c + 36*c. Is o(8) a prime number?
True
Let z be (-3)/2 - 615/10. Let o = z + 127. Suppose -c - o = -477. Is c a prime number?
False
Is 10/140 + 8390825/70 composite?
False
Let b(a) = -a**2 - 8*a - 9. Let r be b(-6). Let u(h) = 1 + 85*h**2 - 11*h**2 + 11*h**2 - 7*h. Is u(r) a composite number?
True
Let f be 52/44 - (-12)/(-66). Let k(z) = 11 + 24*z + 20*z - 2. Is k(f) a prime number?
True
Let h(i) = 1446*i**2 + 3*i + 236. Is h(-7) a prime number?
True
Suppose 16*b = 11*b + w + 7, -2*w = 2*b - 10. Is (-2 - (-1 - b)) + 10072 prime?
False
Let c(p) = 4241*p + 3286. Is c(51) a prime number?
True
Let n(l) = -l**3 + 22*l**2 + 59*l - 11. Suppose 5*q - 6*q + 4 = 0, 0 = i + q - 21. Is n(i) a prime number?
True
Suppose -22 = -33*r + 44. Suppose 5*v = 4*c - 215, 3*c - 68 = r*v + 95. Is c composite?
True
Let i = 1568210 + -1015423. Is i a composite number?
False
Let m(k) = 6 - 2*k**2 + 63*k**3 - 1 - 6*k + 7*k**2. Suppose 27*o = 24*o + 9. Is m(o) a composite number?
False
Let g be -3 - -6 - 2 - 35. Let h be (-539)/(-187) - 4/g. Suppose c - h*x = 419, -5*c + x - 3*x = -2163. Is c composite?
False
Let t = 678 - 679. Is (114503/(-67))/((-1 + 2)*t) a prime number?
True
Suppose 0 = 9*w - 16090 - 3107. Let h = 3054 - w. Is h prime?
False
Suppose -5*c + 7035 = -2*c. Suppose -26*y - c = -31*y. Is y prime?
False
Suppose 5*c + 4*r - 6*r + 4665 = 0, 0 = c - 3*r + 920. Let y = 2777 + c. Suppose -y + 259 = -p. Is p a prime number?
True
Let t = -108137 - -403104. Is t a composite number?
True
Let v(c) = 27*c**2 - 22*c + 46. Let m(n) = -26*n**2 + 22*n - 49. Let j(x) = 5*m(x) + 6*v(x). Is j(-24) prime?
False
Suppose -3*n - 9*r + 11*r = -71779, 3*n = -r + 71791. Is n a prime number?
True
Let w be (-168)/(11/(11275/(-10))). Suppose -3*o - 43048 = -5*d - 0*o, 0 = -2*d + 2*o + w. Is d a prime number?
True
Let y(p) = -p**2 + 9*p + 16. Le